{"id":4558,"date":"2023-09-19T14:27:02","date_gmt":"2023-09-19T12:27:02","guid":{"rendered":"https:\/\/www.nlogic.no\/?page_id=4558"},"modified":"2025-08-08T09:50:37","modified_gmt":"2025-08-08T07:50:37","slug":"miljo","status":"publish","type":"page","link":"https:\/\/www.nlogic.no\/english\/om-oss\/miljo\/","title":{"rendered":"Milj\u00f8profil og b\u00e6rekraft"},"content":{"rendered":"<div class=\"nlogic-hero alignfull with-pattern-cube with-excerpt wp-block-nlogic-hero\">\n\t\t\t<div class=\"hero-content container\">\n\t\t\t\t<svg width=\"650\" height=\"749\" viewBox=\"0 0 650 749\" fill=\"none\" xmlns=\"http:\/\/www.w3.org\/2000\/svg\">\n<g opacity=\"0.5\">\n<path d=\"M331.176 153.548L517 258.151C520.921 260.358 523.346 264.507 523.346 269.005V474.848C523.346 479.362 520.904 483.523 516.962 485.723L331.138 589.46C327.364 591.566 322.768 591.566 318.995 589.46L133.17 485.723C129.229 483.523 126.786 479.362 126.786 474.848L126.786 269.005C126.786 264.507 129.212 260.358 133.132 258.151L318.956 153.548C322.75 151.413 327.383 151.413 331.176 153.548Z\" stroke=\"#FFFFFF\" stroke-width=\"0.638759\"\/>\n<path d=\"M189.105 298.176L127.539 262.338\" stroke=\"#FFFFFF\" stroke-width=\"0.638759\"\/>\n<path d=\"M323.936 529.562L324.754 590.666\" stroke=\"#FFFFFF\" stroke-width=\"0.638759\"\/>\n<path d=\"M325.068 667.656L325.068 747.091\" stroke=\"#FFFFFF\" stroke-width=\"0.638759\"\/>\n<path d=\"M583.902 227.711L646.248 190.234\" stroke=\"#FFFFFF\" stroke-width=\"0.638759\"\/>\n<path d=\"M67.2339 227.711L2.85372 189.827\" stroke=\"#FFFFFF\" stroke-width=\"0.638759\"\/>\n<path d=\"M329.956 83.7705L578.669 224.838C581.77 226.597 583.685 229.886 583.685 233.45V515.273C583.685 518.837 581.77 522.126 578.669 523.885L329.956 664.953C326.926 666.671 323.216 666.671 320.187 664.953L71.4733 523.885C68.3729 522.126 66.4571 518.837 66.4571 515.273V233.45C66.4571 229.886 68.3729 226.597 71.4733 224.838L320.187 83.7705C323.216 82.0521 326.926 82.0521 329.956 83.7705Z\" stroke=\"#FFFFFF\" stroke-width=\"0.638759\"\/>\n<path d=\"M333.785 5.52247L640.188 183.965C645.59 187.111 648.913 192.892 648.913 199.144V551.243C648.913 557.504 645.582 563.291 640.168 566.434L333.585 744.444C328.124 747.615 321.381 747.61 315.924 744.432L10.6612 566.636C5.26482 563.493 1.94291 557.721 1.93609 551.476L1.55108 199.14C1.54424 192.885 4.86323 187.099 10.2653 183.948L316.094 5.52917C321.559 2.34058 328.317 2.33801 333.785 5.52247Z\" stroke=\"#FFFFFF\" stroke-width=\"0.638759\"\/>\n<path d=\"M258.62 403.011V337.553L324.747 374.712V409.77V444.468L262.367 409.414C260.053 408.114 258.62 405.665 258.62 403.011ZM325.066 374.159L258.953 337.007L321.467 301.877C323.702 300.621 326.43 300.621 328.665 301.877L391.179 337.007L325.066 374.159ZM325.385 374.712L391.511 337.553V403.011C391.511 405.665 390.079 408.114 387.764 409.414L325.385 444.468V409.77V374.712Z\" stroke=\"#FFFFFF\" stroke-width=\"0.638759\"\/>\n<path d=\"M328.492 221.724L456.862 295.717C459.533 297.257 461.179 300.105 461.179 303.188V446.897C461.179 450.004 459.508 452.871 456.804 454.401L328.434 527.074C325.783 528.574 322.536 528.565 319.894 527.049L193.285 454.411C190.605 452.874 188.953 450.021 188.953 446.931V303.154C188.953 300.088 190.58 297.254 193.226 295.708L319.836 221.749C322.508 220.188 325.811 220.178 328.492 221.724Z\" stroke=\"#FFFFFF\" stroke-width=\"0.638759\"\/>\n<path d=\"M461.329 298.176L520.984 263.499\" stroke=\"#FFFFFF\" stroke-width=\"0.638759\"\/>\n<\/g>\n<\/svg>\n\n\t\t\t\t<h1>Milj\u00f8profil og b\u00e6rekraft<\/h1>\n\t\t\t\t<div class=\"excerpt\"><p>Vi har som m\u00e5l \u00e5 skape en b\u00e6rekraftig virksomhet ved \u00e5 ta hensyn til milj\u00f8messige konsekvenser av v\u00e5re aktiviteter, v\u00e6re bevisst p\u00e5 redusering av CO2 utslipp, stille milj\u00f8krav til produkter, f\u00f8lge gjeldende myndighetskrav og skape bevissthet til milj\u00f8tiltak blant v\u00e5re ansatte.\u00a0<\/p>\n<\/div>\n\t\t\t\t\n\t\t\t\t\n\t\t\t<\/div>\n\t\t<\/div>\n\n<div class=\"nlogic-section alignfull layout-1-column content-align-top is-style-transparent wp-block-nlogic-section\">\n\t\t\t<div class=\"content-columns container\">\n\t\t\t\t\n\t\t\t\t\n<div class=\"nlogic-section-content wp-block-nlogic-section-content\">\n\n<div class=\"wp-block-columns is-layout-flex wp-container-core-columns-is-layout-1 wp-block-columns-is-layout-flex\">\n<div class=\"wp-block-column is-layout-flow wp-block-column-is-layout-flow\" style=\"flex-basis:33.33%\">\n<h2 class=\"wp-block-heading\" id=\"miljoledelse-og-miljorapport\">Milj\u00f8ledelse og milj\u00f8rapport<\/h2>\n<\/div>\n\n\n\n<div class=\"wp-block-column is-layout-flow wp-block-column-is-layout-flow\" style=\"flex-basis:66.66%\">\n<p>Vi vektlegger milj\u00f8hensyn systematisk og bevist ved driften av virksomheten. Ledelsen g\u00e5r inn for \u00e5 p\u00e5virke atferd blant ansatte og innf\u00f8ring i HMS skal v\u00e6re gitt til alle. Vi setter oss m\u00e5l og dokumenterer at vi har n\u00e5dd disse. Innen utgangen av 2022&nbsp;vil vi utarbeide en milj\u00f8rapport med en oversikt over bedriftens ressursbruk og tiltak for \u00e5 forhindre og\/eller redusere milj\u00f8p\u00e5virkningene. Rapporten vil gj\u00f8re det mulig \u00e5 sammenligne milj\u00f8situasjonen fra \u00e5r til \u00e5r og gj\u00f8re ledelsen mer bevisst p\u00e5 forbedringer av milj\u00f8et. Ledelsen har satt seg inn i GRIPs veileder for milj\u00f8effektiv produktutvikling. GRIP skal hjelpe bedrifter \u00e5 f\u00e5 innsyn i hva som er mest milj\u00f8vennlig \u00e5 velge, og gj\u00f8re de bevisst p\u00e5 viktigheten av \u00e5 tenke milj\u00f8.<\/p>\n<\/div>\n<\/div>\n\n<\/div>\n\n\t\t\t\t\n\t\t\t<\/div>\n\t\t<\/div>\n\n\n<h2 class=\"wp-block-heading\" id=\"interne-tiltakt\">Interne tiltakt<\/h2>\n\n\n\n<ul class=\"wp-block-list\">\n<li>Resirkulering av varm luft fra datarom til andre rom&nbsp;<\/li>\n\n\n\n<li>Kj\u00f8p av CO2 kvoter&nbsp;<\/li>\n\n\n\n<li>Innetemperatur mellom 19 og 21 grader&nbsp;<\/li>\n\n\n\n<li>Fokus p\u00e5 \u00e5 unng\u00e5 un\u00f8dvendig kopiering og utskriving&nbsp;<\/li>\n\n\n\n<li>M\u00e5lsetning om at&nbsp;alt s\u00f8ppel skal kildesorteres<\/li>\n\n\n\n<li>Redusere&nbsp;antall flyreiser ved \u00e5 bruke videokonferansesystemer og jobbe aktivt for \u00e5 velge milj\u00f8sertifiserte transport\u00f8rer<\/li>\n\n\n\n<li>Vi ser viktigheten av \u00e5 bruke andre fremkomstmidler enn bil for \u00e5 spare milj\u00f8et. Vi tilrettelegger eksempelvis for sykling og l\u00f8ping, med tilgjengelig innend\u00f8rs sykkelparkering og dusj\/garderobe&nbsp;for de ansatte. V\u00e5r lokasjon av kontor p\u00e5 Sk\u00f8yen er ogs\u00e5 valgt med hensyn til at det skal v\u00e6re enkelt \u00e5 benytte kollektivtransport, og b\u00e5de tog-, buss- og trikkeholdeplasser er under 5 minutters gange fra kontoret.<\/li>\n<\/ul>\n\n\n<div class=\"nlogic-section alignfull layout-1-column content-align-top is-style-transparent wp-block-nlogic-section\">\n\t\t\t<div class=\"content-columns container\">\n\t\t\t\t\n\t\t\t\t\n<div class=\"nlogic-section-content wp-block-nlogic-section-content\">\n\n<div class=\"wp-block-columns is-layout-flex wp-container-core-columns-is-layout-2 wp-block-columns-is-layout-flex\">\n<div class=\"wp-block-column is-layout-flow wp-block-column-is-layout-flow\" style=\"flex-basis:33.33%\">\n<h2 class=\"wp-block-heading\" id=\"miljosertifikater\">Milj\u00f8sertifikater<\/h2>\n<\/div>\n\n\n\n<div class=\"wp-block-column is-layout-flow wp-block-column-is-layout-flow\" style=\"flex-basis:66.66%\">\n<p>Vi er tilknyttet produsentansvarsselskapet NORSIRK AS og oppfyller dermed sitt produsentansvar for batterier.&nbsp;<\/p>\n\n\n\n<p><a href=\"https:\/\/www.nlogic.no\/content\/uploads\/sites\/6\/2025\/08\/nLogic_Norsirk_Enviromental-Certificate_Batteries_2025.pdf\">Milj\u00f8sertifikat NORSIRK batterier<\/a><\/p>\n\n\n\n<p>Vi er tilknyttet produsentansvarsselskapet NORSIRK AS og oppfyller dermed sitt produsentansvar for EE-produkter.<\/p>\n\n\n\n<p><a href=\"https:\/\/www.nlogic.no\/content\/uploads\/sites\/6\/2025\/08\/nLogic_Norsirk_Enviromental-Certificate-EEE_2025.pdf\">Milj\u00f8sertifikat NORSIRK EE-produkter<\/a><\/p>\n\n\n\n<p>Vi er tilknyttet produsentansvarsselskapet NORSIRK AS og oppfyller dermed sitt produsentansvar for emballasje.<\/p>\n\n\n\n<p><a href=\"https:\/\/www.nlogic.no\/content\/uploads\/sites\/6\/2025\/08\/nLogic_Norsirk_Enviromental-Certificate-Packaging_2025.pdf\">Milj\u00f8sertifikat NORSIRK emballasje<\/a><\/p>\n<\/div>\n<\/div>\n\n<\/div>\n\n\t\t\t\t\n\t\t\t<\/div>\n\t\t<\/div>\n\n<div class=\"nlogic-section alignfull layout-1-column content-align-top is-style-light wp-block-nlogic-section\">\n\t\t\t<div class=\"content-columns container\">\n\t\t\t\t\n\t\t\t\t\n<div class=\"nlogic-section-content wp-block-nlogic-section-content\">\n\n<h2 class=\"wp-block-heading\" id=\"relevant-innhold\">Relevant innhold<\/h2>\n\n\n<ul class=\"t2-link-list has-auto-columns alignwide wp-block-t2-link-list\">\n\t<li class=\"t2-link-list-item wp-block-t2-link-list-item\">\n\t\t<a\n\t\t\thref=\"https:\/\/www.nlogic.no\/om-oss\/nlogic-group\/\"\n\t\t\tclass=\"t2-link-list-item__link t2-link-list__icon--inline-left\"\n\t\t\t\t\t>\n\t\t\t\t\t\t<div class=\"t2-link-list-item__content\">\n\t\t\t\t<span class=\"t2-link-list-item__text\">\n\t\t\t\t\t<span class=\"t2-link-list-item__icon\"><span class=\"t2-link-list-item__icon-box\"><\/span><svg xmlns=\"http:\/\/www.w3.org\/2000\/svg\" viewBox=\"0 0 34 21\" height=\"24\" width=\"24\" class=\"t2-icon\" aria-hidden=\"true\" focusable=\"false\"><clipPath id=\"a\"><path d=\"m0 0h34v21h-34z\"\/><\/clipPath><g clip-path=\"url(#a)\"><path clip-rule=\"evenodd\" d=\"m28.5456 9.09456-6.3061-6.27616 1.9147-1.923869 9.6029 9.557169-9.6029 9.5572-1.9147-1.9239 6.3061-6.2762h-28.379096v-2.71424z\" fill=\"#e03135\" fill-rule=\"evenodd\"\/><\/g><\/svg><\/span>nLogic Group\t\t\t\t<\/span>\n\t\t\t\t\t\t\t<\/div>\n\t\t<\/a>\n\t<\/li>\n\t\n\n\t<li class=\"t2-link-list-item wp-block-t2-link-list-item\">\n\t\t<a\n\t\t\thref=\"https:\/\/www.nlogic.no\/om-oss\/\"\n\t\t\tclass=\"t2-link-list-item__link t2-link-list__icon--inline-left\"\n\t\t\t\t\t>\n\t\t\t\t\t\t<div class=\"t2-link-list-item__content\">\n\t\t\t\t<span class=\"t2-link-list-item__text\">\n\t\t\t\t\t<span class=\"t2-link-list-item__icon\"><span class=\"t2-link-list-item__icon-box\"><\/span><svg xmlns=\"http:\/\/www.w3.org\/2000\/svg\" viewBox=\"0 0 34 21\" height=\"24\" width=\"24\" class=\"t2-icon\" aria-hidden=\"true\" focusable=\"false\"><clipPath id=\"a\"><path d=\"m0 0h34v21h-34z\"\/><\/clipPath><g clip-path=\"url(#a)\"><path clip-rule=\"evenodd\" d=\"m28.5456 9.09456-6.3061-6.27616 1.9147-1.923869 9.6029 9.557169-9.6029 9.5572-1.9147-1.9239 6.3061-6.2762h-28.379096v-2.71424z\" fill=\"#e03135\" fill-rule=\"evenodd\"\/><\/g><\/svg><\/span>Om oss\t\t\t\t<\/span>\n\t\t\t\t\t\t\t<\/div>\n\t\t<\/a>\n\t<\/li>\n\t\n\n\t<li class=\"t2-link-list-item wp-block-t2-link-list-item\">\n\t\t<a\n\t\t\thref=\"https:\/\/www.nlogic.no\/om-oss\/karriere\/\"\n\t\t\tclass=\"t2-link-list-item__link t2-link-list__icon--inline-left\"\n\t\t\t\t\t>\n\t\t\t\t\t\t<div class=\"t2-link-list-item__content\">\n\t\t\t\t<span class=\"t2-link-list-item__text\">\n\t\t\t\t\t<span class=\"t2-link-list-item__icon\"><span class=\"t2-link-list-item__icon-box\"><\/span><svg xmlns=\"http:\/\/www.w3.org\/2000\/svg\" viewBox=\"0 0 34 21\" height=\"24\" width=\"24\" class=\"t2-icon\" aria-hidden=\"true\" focusable=\"false\"><clipPath id=\"a\"><path d=\"m0 0h34v21h-34z\"\/><\/clipPath><g clip-path=\"url(#a)\"><path clip-rule=\"evenodd\" d=\"m28.5456 9.09456-6.3061-6.27616 1.9147-1.923869 9.6029 9.557169-9.6029 9.5572-1.9147-1.9239 6.3061-6.2762h-28.379096v-2.71424z\" fill=\"#e03135\" fill-rule=\"evenodd\"\/><\/g><\/svg><\/span>Karriere\t\t\t\t<\/span>\n\t\t\t\t\t\t\t<\/div>\n\t\t<\/a>\n\t<\/li>\n\t\n<\/ul>\n<\/div>\n\n\t\t\t\t\n\t\t\t<\/div>\n\t\t<\/div>","protected":false},"excerpt":{"rendered":"<p>Vi har som m\u00e5l \u00e5 skape en b\u00e6rekraftig virksomhet ved \u00e5 ta hensyn til milj\u00f8messige konsekvenser av v\u00e5re aktiviteter, v\u00e6re bevisst p\u00e5 redusering av CO2 utslipp, stille milj\u00f8krav til produkter, f\u00f8lge gjeldende myndighetskrav og skape bevissthet til milj\u00f8tiltak blant v\u00e5re ansatte.\u00a0<\/p>\n","protected":false},"author":5,"featured_media":4972,"parent":2569,"menu_order":0,"comment_status":"closed","ping_status":"closed","template":"","meta":{"dk_card_image_id":0,"footnotes":""},"class_list":["post-4558","page","type-page","status-publish","has-post-thumbnail","hentry"],"yoast_head":"<!-- This site is optimized with the Yoast SEO Premium plugin v20.13 (Yoast SEO v20.13) - https:\/\/yoast.com\/wordpress\/plugins\/seo\/ -->\n<title>Milj\u00f8profil og b\u00e6rekraft - Om oss - nLogic<\/title>\n<meta name=\"description\" content=\"Vi tar hensyn til milj\u00f8messige konsekvenser av v\u00e5re aktiviteter, er bevisst p\u00e5 redusering av CO2 utslipp, og stiller milj\u00f8krav til v\u00e5re produkter.\" \/>\n<meta name=\"robots\" content=\"noindex, follow, max-snippet:-1, max-image-preview:large, max-video-preview:-1\" \/>\n<meta property=\"og:locale\" content=\"en_US\" \/>\n<meta property=\"og:type\" content=\"article\" \/>\n<meta property=\"og:title\" content=\"Milj\u00f8profil og b\u00e6rekraft\" \/>\n<meta property=\"og:description\" content=\"Vi tar hensyn til milj\u00f8messige konsekvenser av v\u00e5re aktiviteter, er bevisst p\u00e5 redusering av CO2 utslipp, og stiller milj\u00f8krav til v\u00e5re produkter.\" \/>\n<meta property=\"og:url\" content=\"https:\/\/www.nlogic.no\/english\/om-oss\/miljo\/\" \/>\n<meta property=\"og:site_name\" content=\"nLogic - Powered by Knowledge. Driven by Trust.\" \/>\n<meta property=\"article:publisher\" content=\"https:\/\/www.facebook.com\/nLogicAS\" \/>\n<meta property=\"article:modified_time\" content=\"2025-08-08T07:50:37+00:00\" \/>\n<meta property=\"og:image\" content=\"https:\/\/www.nlogic.no\/content\/uploads\/sites\/6\/2023\/09\/nlogic-team-1-scaled.jpg\" \/>\n\t<meta property=\"og:image:width\" content=\"2560\" \/>\n\t<meta property=\"og:image:height\" content=\"1708\" \/>\n\t<meta property=\"og:image:type\" content=\"image\/jpeg\" \/>\n<meta name=\"twitter:card\" content=\"summary_large_image\" \/>\n<meta name=\"twitter:label1\" content=\"Est. reading time\" \/>\n\t<meta name=\"twitter:data1\" content=\"2 minutes\" \/>\n<script type=\"application\/ld+json\" class=\"yoast-schema-graph\">{\"@context\":\"https:\/\/schema.org\",\"@graph\":[{\"@type\":\"WebPage\",\"@id\":\"https:\/\/www.nlogic.no\/english\/om-oss\/miljo\/\",\"url\":\"https:\/\/www.nlogic.no\/english\/om-oss\/miljo\/\",\"name\":\"Milj\u00f8profil og b\u00e6rekraft - Om oss - nLogic\",\"isPartOf\":{\"@id\":\"https:\/\/www.nlogic.no\/english\/#website\"},\"datePublished\":\"2023-09-19T12:27:02+00:00\",\"dateModified\":\"2025-08-08T07:50:37+00:00\",\"description\":\"Vi tar hensyn til milj\u00f8messige konsekvenser av v\u00e5re aktiviteter, er bevisst p\u00e5 redusering av CO2 utslipp, og stiller milj\u00f8krav til v\u00e5re produkter.\",\"breadcrumb\":{\"@id\":\"https:\/\/www.nlogic.no\/english\/om-oss\/miljo\/#breadcrumb\"},\"inLanguage\":\"en-US\",\"potentialAction\":[{\"@type\":\"ReadAction\",\"target\":[\"https:\/\/www.nlogic.no\/english\/om-oss\/miljo\/\"]}]},{\"@type\":\"BreadcrumbList\",\"@id\":\"https:\/\/www.nlogic.no\/english\/om-oss\/miljo\/#breadcrumb\",\"itemListElement\":[{\"@type\":\"ListItem\",\"position\":1,\"name\":\"Om oss\",\"item\":\"https:\/\/www.nlogic.no\/english\/om-oss\/\"},{\"@type\":\"ListItem\",\"position\":2,\"name\":\"Milj\u00f8profil og b\u00e6rekraft\"}]},{\"@type\":\"WebSite\",\"@id\":\"https:\/\/www.nlogic.no\/english\/#website\",\"url\":\"https:\/\/www.nlogic.no\/english\/\",\"name\":\"nLogic - Powered by Knowledge. Driven by Trust.\",\"description\":\"\",\"publisher\":{\"@id\":\"https:\/\/www.nlogic.no\/english\/#organization\"},\"potentialAction\":[{\"@type\":\"SearchAction\",\"target\":{\"@type\":\"EntryPoint\",\"urlTemplate\":\"https:\/\/www.nlogic.no\/english\/?s={search_term_string}\"},\"query-input\":\"required name=search_term_string\"}],\"inLanguage\":\"en-US\"},{\"@type\":\"Organization\",\"@id\":\"https:\/\/www.nlogic.no\/english\/#organization\",\"name\":\"nLogic - Powered by Knowledge. Driven by Trust.\",\"url\":\"https:\/\/www.nlogic.no\/english\/\",\"logo\":{\"@type\":\"ImageObject\",\"inLanguage\":\"en-US\",\"@id\":\"https:\/\/www.nlogic.no\/english\/#\/schema\/logo\/image\/\",\"url\":\"https:\/\/www.nlogic.no\/content\/uploads\/sites\/6\/2023\/09\/nlogic-logo-1.svg\",\"contentUrl\":\"https:\/\/www.nlogic.no\/content\/uploads\/sites\/6\/2023\/09\/nlogic-logo-1.svg\",\"caption\":\"nLogic - Powered by Knowledge. Driven by Trust.\"},\"image\":{\"@id\":\"https:\/\/www.nlogic.no\/english\/#\/schema\/logo\/image\/\"},\"sameAs\":[\"https:\/\/www.facebook.com\/nLogicAS\",\"https:\/\/www.linkedin.com\/company\/nlogic-as\/\"]}]}<\/script>\n<!-- \/ Yoast SEO Premium plugin. -->","yoast_head_json":{"title":"Milj\u00f8profil og b\u00e6rekraft - Om oss - nLogic","description":"Vi tar hensyn til milj\u00f8messige konsekvenser av v\u00e5re aktiviteter, er bevisst p\u00e5 redusering av CO2 utslipp, og stiller milj\u00f8krav til v\u00e5re produkter.","robots":{"index":"noindex","follow":"follow","max-snippet":"max-snippet:-1","max-image-preview":"max-image-preview:large","max-video-preview":"max-video-preview:-1"},"og_locale":"en_US","og_type":"article","og_title":"Milj\u00f8profil og b\u00e6rekraft","og_description":"Vi tar hensyn til milj\u00f8messige konsekvenser av v\u00e5re aktiviteter, er bevisst p\u00e5 redusering av CO2 utslipp, og stiller milj\u00f8krav til v\u00e5re produkter.","og_url":"https:\/\/www.nlogic.no\/english\/om-oss\/miljo\/","og_site_name":"nLogic - Powered by Knowledge. Driven by Trust.","article_publisher":"https:\/\/www.facebook.com\/nLogicAS","article_modified_time":"2025-08-08T07:50:37+00:00","og_image":[{"width":2560,"height":1708,"url":"https:\/\/www.nlogic.no\/content\/uploads\/sites\/6\/2023\/09\/nlogic-team-1-scaled.jpg","type":"image\/jpeg"}],"twitter_card":"summary_large_image","twitter_misc":{"Est. reading time":"2 minutes"},"schema":{"@context":"https:\/\/schema.org","@graph":[{"@type":"WebPage","@id":"https:\/\/www.nlogic.no\/english\/om-oss\/miljo\/","url":"https:\/\/www.nlogic.no\/english\/om-oss\/miljo\/","name":"Milj\u00f8profil og b\u00e6rekraft - Om oss - nLogic","isPartOf":{"@id":"https:\/\/www.nlogic.no\/english\/#website"},"datePublished":"2023-09-19T12:27:02+00:00","dateModified":"2025-08-08T07:50:37+00:00","description":"Vi tar hensyn til milj\u00f8messige konsekvenser av v\u00e5re aktiviteter, er bevisst p\u00e5 redusering av CO2 utslipp, og stiller milj\u00f8krav til v\u00e5re produkter.","breadcrumb":{"@id":"https:\/\/www.nlogic.no\/english\/om-oss\/miljo\/#breadcrumb"},"inLanguage":"en-US","potentialAction":[{"@type":"ReadAction","target":["https:\/\/www.nlogic.no\/english\/om-oss\/miljo\/"]}]},{"@type":"BreadcrumbList","@id":"https:\/\/www.nlogic.no\/english\/om-oss\/miljo\/#breadcrumb","itemListElement":[{"@type":"ListItem","position":1,"name":"Om oss","item":"https:\/\/www.nlogic.no\/english\/om-oss\/"},{"@type":"ListItem","position":2,"name":"Milj\u00f8profil og b\u00e6rekraft"}]},{"@type":"WebSite","@id":"https:\/\/www.nlogic.no\/english\/#website","url":"https:\/\/www.nlogic.no\/english\/","name":"nLogic - Powered by Knowledge. Driven by Trust.","description":"","publisher":{"@id":"https:\/\/www.nlogic.no\/english\/#organization"},"potentialAction":[{"@type":"SearchAction","target":{"@type":"EntryPoint","urlTemplate":"https:\/\/www.nlogic.no\/english\/?s={search_term_string}"},"query-input":"required name=search_term_string"}],"inLanguage":"en-US"},{"@type":"Organization","@id":"https:\/\/www.nlogic.no\/english\/#organization","name":"nLogic - Powered by Knowledge. Driven by Trust.","url":"https:\/\/www.nlogic.no\/english\/","logo":{"@type":"ImageObject","inLanguage":"en-US","@id":"https:\/\/www.nlogic.no\/english\/#\/schema\/logo\/image\/","url":"https:\/\/www.nlogic.no\/content\/uploads\/sites\/6\/2023\/09\/nlogic-logo-1.svg","contentUrl":"https:\/\/www.nlogic.no\/content\/uploads\/sites\/6\/2023\/09\/nlogic-logo-1.svg","caption":"nLogic - Powered by Knowledge. Driven by Trust."},"image":{"@id":"https:\/\/www.nlogic.no\/english\/#\/schema\/logo\/image\/"},"sameAs":["https:\/\/www.facebook.com\/nLogicAS","https:\/\/www.linkedin.com\/company\/nlogic-as\/"]}]}},"_links":{"self":[{"href":"https:\/\/www.nlogic.no\/english\/wp-json\/wp\/v2\/pages\/4558","targetHints":{"allow":["GET"]}}],"collection":[{"href":"https:\/\/www.nlogic.no\/english\/wp-json\/wp\/v2\/pages"}],"about":[{"href":"https:\/\/www.nlogic.no\/english\/wp-json\/wp\/v2\/types\/page"}],"author":[{"embeddable":true,"href":"https:\/\/www.nlogic.no\/english\/wp-json\/wp\/v2\/users\/5"}],"replies":[{"embeddable":true,"href":"https:\/\/www.nlogic.no\/english\/wp-json\/wp\/v2\/comments?post=4558"}],"version-history":[{"count":4,"href":"https:\/\/www.nlogic.no\/english\/wp-json\/wp\/v2\/pages\/4558\/revisions"}],"predecessor-version":[{"id":8770,"href":"https:\/\/www.nlogic.no\/english\/wp-json\/wp\/v2\/pages\/4558\/revisions\/8770"}],"up":[{"embeddable":true,"href":"https:\/\/www.nlogic.no\/english\/wp-json\/wp\/v2\/pages\/2569"}],"wp:featuredmedia":[{"embeddable":true,"href":"https:\/\/www.nlogic.no\/english\/wp-json\/wp\/v2\/media\/4972"}],"wp:attachment":[{"href":"https:\/\/www.nlogic.no\/english\/wp-json\/wp\/v2\/media?parent=4558"}],"curies":[{"name":"wp","href":"https:\/\/api.w.org\/{rel}","templated":true}]}}