{"id":3942,"date":"2023-09-13T11:08:42","date_gmt":"2023-09-13T09:08:42","guid":{"rendered":"https:\/\/www.nlogic.no\/?page_id=3942"},"modified":"2024-01-27T12:36:15","modified_gmt":"2024-01-27T11:36:15","slug":"ipv6-nettverkskurs","status":"publish","type":"page","link":"https:\/\/www.nlogic.no\/english\/losninger\/tjenester\/kurs-og-workshop\/ipv6-nettverkskurs\/","title":{"rendered":"IPv6 nettverkskurs"},"content":{"rendered":"<div class=\"nlogic-hero alignfull with-excerpt is-style-light wp-block-nlogic-hero\">\n\t\t\t<div class=\"hero-content container\">\n\t\t\t\t\n\t\t\t\t<h1>IPv6 nettverkskurs<\/h1>\n\t\t\t\t<div class=\"excerpt\"><p>IPv6 nettverkskurs (NLT-IPV6-Nettverk) er et kurs som passer for tekniske ressurser i design og driftsavdelinger hos operat\u00f8rer og enterprise-kunder.<\/p>\n<\/div>\n\t\t\t\t\n\t\t\t\t\n\t\t\t<\/div>\n\t\t<\/div>\n\n<div class=\"nlogic-section alignfull layout-1-column content-align-top is-style-transparent wp-block-nlogic-section\">\n\t\t\t<div class=\"content-columns container\">\n\t\t\t\t\n\t\t\t\t\n<div class=\"nlogic-section-content wp-block-nlogic-section-content\">\n\n<div class=\"wp-block-columns is-layout-flex wp-container-core-columns-is-layout-1 wp-block-columns-is-layout-flex\">\n<div class=\"wp-block-column is-layout-flow wp-block-column-is-layout-flow\" style=\"flex-basis:33.33%\">\n<h2 class=\"wp-block-heading\" id=\"ipv6-nettverkskurs\">IPv6 nettverkskurs<\/h2>\n<\/div>\n\n\n\n<div class=\"wp-block-column is-layout-flow wp-block-column-is-layout-flow\" style=\"flex-basis:66.66%\">\n<p>Deltagerne b\u00f8r ha grunnleggende IPv6-kjennskap, tilsvarende NLT-IPv6-Intro. IPv6 nettverkskurs kan kombineres med andre IPv6 kurs, samt tilpasses etter deltagernes behov.<\/p>\n\n\n\n<p><strong>Dato: Ta kontakt for \u00e5 avtale dato<\/strong><br><strong>Pris: kr 4.500 per deltaker<\/strong><br><strong>Sted: nLogic, Oslo<\/strong><br><strong>Kursholder: Ola Thoresen<\/strong><\/p>\n<\/div>\n<\/div>\n\n<\/div>\n\n\t\t\t\t\n\t\t\t<\/div>\n\t\t<\/div>\n\n\n<h2 class=\"wp-block-heading\" id=\"om-kurset\">Om kurset<\/h2>\n\n\n\n<p>Dette kurset (NLT-IPV6-Nettverk) dekker design og implementasjon av IPv6 i et bedriftsnettverk. Vi g\u00e5r gjennom nettverksdesign og tjenester som autokonfigurasjon av IPv6 (SLAAC og DHCP). Videre ser vi p\u00e5 VPN-l\u00f8sninger og brannmurer. I tillegg g\u00e5r vi gjennom metoder for feils\u00f8king og probleml\u00f8sning.<\/p>\n\n\n\n<p>Kurset vil v\u00e6re en blanding av teori og bruk av lab, der utstyret best\u00e5r av b\u00e5de Cisco og Juniper rutere og Unix maskiner. I lab vil man \u00f8ve p\u00e5 \u00e5 sette opp infrastruktur med rutingprotokoller og transisjonsteknologi i et kjernenett. Videre vil man sette opp servere med og uten autoconf og se n\u00e6rmere p\u00e5 DNS, inkludert hvordan denne passer inn i ulike migreringsstrategier.<\/p>\n\n\n<div class=\"t2-accordion wp-block-t2-accordion\" data-allow-multiple>\n<div class=\"t2-accordion-item wp-block-t2-accordion-item\">\t<h2 class=\"t2-accordion-title\">\n\t\t<button\n\t\t\taria-controls=\"accordion-panel\"\n\t\t\taria-expanded=\"false\"\n\t\t\tclass=\"t2-accordion-trigger\"\n\t\t\tid=\"strongmlsetning-med-kursetstrong\"\n\t\t\ttype=\"button\"\n\t\t>\n\t\t\tM\u00e5lsetning med kurset\t\t\t<span class=\"t2-accordion-icon is-closed-icon\">\n\t\t\t\t<svg xmlns=\"http:\/\/www.w3.org\/2000\/svg\" viewBox=\"0 0 24 24\" height=\"24\" width=\"24\" class=\"t2-icon\" aria-hidden=\"true\" focusable=\"false\"><path d=\"M12 19c-.285156 0-.519531-.097656-.710938-.289062C11.097656 18.519531 11 18.285156 11 18v-5H6c-.285156 0-.519531-.097656-.710938-.289062C5.097656 12.519531 5 12.285156 5 12c0-.285156.097656-.519531.289062-.710938C5.480469 11.097656 5.714844 11 6 11h5V6c0-.285156.097656-.519531.289062-.710938C11.480469 5.097656 11.714844 5 12 5c.285156 0 .519531.097656.710938.289062C12.902344 5.480469 13 5.714844 13 6v5h5c.285156 0 .519531.097656.710938.289062C18.902344 11.480469 19 11.714844 19 12c0 .285156-.097656.519531-.289062.710938C18.519531 12.902344 18.285156 13 18 13h-5v5c0 .285156-.097656.519531-.289062.710938C12.519531 18.902344 12.285156 19 12 19Zm0 0\"\/><\/svg>\t\t\t<\/span>\n\t\t\t<span class=\"t2-accordion-icon is-open-icon\">\n\t\t\t\t<svg xmlns=\"http:\/\/www.w3.org\/2000\/svg\" viewBox=\"0 0 24 24\" height=\"24\" width=\"24\" class=\"t2-icon\" aria-hidden=\"true\" focusable=\"false\"><path d=\"M6 13c-.285156 0-.519531-.097656-.710938-.289062C5.097656 12.519531 5 12.285156 5 12c0-.285156.097656-.519531.289062-.710938C5.480469 11.097656 5.714844 11 6 11h12c.285156 0 .519531.097656.710938.289062C18.902344 11.480469 19 11.714844 19 12c0 .285156-.097656.519531-.289062.710938C18.519531 12.902344 18.285156 13 18 13Zm0 0\"\/><\/svg>\t\t\t<\/span>\n\t\t<\/button>\n\t<\/h2>\n\t\t<div\n\t\taria-labelledby=\"strongmlsetning-med-kursetstrong\"\n\t\tclass=\"t2-accordion-item__inner-container\"\n\t\tid=\"accordion-panel\"\n\t\trole=\"region\"\n\t\thidden\n\t>\n\t\t\n\n<p>Etter endt kurs skal deltakeren v\u00e6re i stand til \u00e5:<\/p>\n\n\n\n<ul class=\"wp-block-list\">\n<li>Forst\u00e5 oppdateringer til IPv4 rutingprotokoller for \u00e5 st\u00f8tte IPv6 topologier.<\/li>\n\n\n\n<li>Beskrive IPv6 overgangsmekanismer, og hvilke metoder som vil v\u00e6re mest effektive i eget nettverk.<\/li>\n\n\n\n<li>Beskrive relevante sikkerhetselementer i relasjon til IPv6<\/li>\n\n\n\n<li>Konfigurere IPv6 p\u00e5 Cisco rutere, Juniper rutere og sette opp tjenester som DNS p\u00e5 en Unix maskin med BIND.<\/li>\n\n\n\n<li>Forst\u00e5 hvordan dynamisk adressetildeling fungerer for IPv6 ved bruk av protokollene SLAAC og DHCPv6.<\/li>\n<\/ul>\n\n\t<\/div>\n\t<\/div>\n\n<div class=\"t2-accordion-item wp-block-t2-accordion-item\">\t<h2 class=\"t2-accordion-title\">\n\t\t<button\n\t\t\taria-controls=\"accordion-panel-1\"\n\t\t\taria-expanded=\"false\"\n\t\t\tclass=\"t2-accordion-trigger\"\n\t\t\tid=\"strongagenda-for-kursetstrong\"\n\t\t\ttype=\"button\"\n\t\t>\n\t\t\tAgenda for kurset\t\t\t<span class=\"t2-accordion-icon is-closed-icon\">\n\t\t\t\t<svg xmlns=\"http:\/\/www.w3.org\/2000\/svg\" viewBox=\"0 0 24 24\" height=\"24\" width=\"24\" class=\"t2-icon\" aria-hidden=\"true\" focusable=\"false\"><path d=\"M12 19c-.285156 0-.519531-.097656-.710938-.289062C11.097656 18.519531 11 18.285156 11 18v-5H6c-.285156 0-.519531-.097656-.710938-.289062C5.097656 12.519531 5 12.285156 5 12c0-.285156.097656-.519531.289062-.710938C5.480469 11.097656 5.714844 11 6 11h5V6c0-.285156.097656-.519531.289062-.710938C11.480469 5.097656 11.714844 5 12 5c.285156 0 .519531.097656.710938.289062C12.902344 5.480469 13 5.714844 13 6v5h5c.285156 0 .519531.097656.710938.289062C18.902344 11.480469 19 11.714844 19 12c0 .285156-.097656.519531-.289062.710938C18.519531 12.902344 18.285156 13 18 13h-5v5c0 .285156-.097656.519531-.289062.710938C12.519531 18.902344 12.285156 19 12 19Zm0 0\"\/><\/svg>\t\t\t<\/span>\n\t\t\t<span class=\"t2-accordion-icon is-open-icon\">\n\t\t\t\t<svg xmlns=\"http:\/\/www.w3.org\/2000\/svg\" viewBox=\"0 0 24 24\" height=\"24\" width=\"24\" class=\"t2-icon\" aria-hidden=\"true\" focusable=\"false\"><path d=\"M6 13c-.285156 0-.519531-.097656-.710938-.289062C5.097656 12.519531 5 12.285156 5 12c0-.285156.097656-.519531.289062-.710938C5.480469 11.097656 5.714844 11 6 11h12c.285156 0 .519531.097656.710938.289062C18.902344 11.480469 19 11.714844 19 12c0 .285156-.097656.519531-.289062.710938C18.519531 12.902344 18.285156 13 18 13Zm0 0\"\/><\/svg>\t\t\t<\/span>\n\t\t<\/button>\n\t<\/h2>\n\t\t<div\n\t\taria-labelledby=\"strongagenda-for-kursetstrong\"\n\t\tclass=\"t2-accordion-item__inner-container\"\n\t\tid=\"accordion-panel-1\"\n\t\trole=\"region\"\n\t\thidden\n\t>\n\t\t\n\n<ul class=\"wp-block-list\">\n<li>Del 1: Hvorfor IPv6?<\/li>\n\n\n\n<li>Del 2: IPv6 Neighbor Discovery, SLAAC og DHCPv6<\/li>\n\n\n\n<li>Del 3: IPv6 rutingprotokoller<\/li>\n\n\n\n<li>Del 4: DNS<\/li>\n\n\n\n<li>Del 5: Sikkerhet<\/li>\n\n\n\n<li>&nbsp;Del 6: Feils\u00f8king og probleml\u00f8sning<\/li>\n<\/ul>\n\n\t<\/div>\n\t<\/div>\n\n<div class=\"t2-accordion-item wp-block-t2-accordion-item\">\t<h2 class=\"t2-accordion-title\">\n\t\t<button\n\t\t\taria-controls=\"accordion-panel-2\"\n\t\t\taria-expanded=\"false\"\n\t\t\tclass=\"t2-accordion-trigger\"\n\t\t\tid=\"strongforhndskunnskapstrong\"\n\t\t\ttype=\"button\"\n\t\t>\n\t\t\tForh\u00e5ndskunnskap\t\t\t<span class=\"t2-accordion-icon is-closed-icon\">\n\t\t\t\t<svg xmlns=\"http:\/\/www.w3.org\/2000\/svg\" viewBox=\"0 0 24 24\" height=\"24\" width=\"24\" class=\"t2-icon\" aria-hidden=\"true\" focusable=\"false\"><path d=\"M12 19c-.285156 0-.519531-.097656-.710938-.289062C11.097656 18.519531 11 18.285156 11 18v-5H6c-.285156 0-.519531-.097656-.710938-.289062C5.097656 12.519531 5 12.285156 5 12c0-.285156.097656-.519531.289062-.710938C5.480469 11.097656 5.714844 11 6 11h5V6c0-.285156.097656-.519531.289062-.710938C11.480469 5.097656 11.714844 5 12 5c.285156 0 .519531.097656.710938.289062C12.902344 5.480469 13 5.714844 13 6v5h5c.285156 0 .519531.097656.710938.289062C18.902344 11.480469 19 11.714844 19 12c0 .285156-.097656.519531-.289062.710938C18.519531 12.902344 18.285156 13 18 13h-5v5c0 .285156-.097656.519531-.289062.710938C12.519531 18.902344 12.285156 19 12 19Zm0 0\"\/><\/svg>\t\t\t<\/span>\n\t\t\t<span class=\"t2-accordion-icon is-open-icon\">\n\t\t\t\t<svg xmlns=\"http:\/\/www.w3.org\/2000\/svg\" viewBox=\"0 0 24 24\" height=\"24\" width=\"24\" class=\"t2-icon\" aria-hidden=\"true\" focusable=\"false\"><path d=\"M6 13c-.285156 0-.519531-.097656-.710938-.289062C5.097656 12.519531 5 12.285156 5 12c0-.285156.097656-.519531.289062-.710938C5.480469 11.097656 5.714844 11 6 11h12c.285156 0 .519531.097656.710938.289062C18.902344 11.480469 19 11.714844 19 12c0 .285156-.097656.519531-.289062.710938C18.519531 12.902344 18.285156 13 18 13Zm0 0\"\/><\/svg>\t\t\t<\/span>\n\t\t<\/button>\n\t<\/h2>\n\t\t<div\n\t\taria-labelledby=\"strongforhndskunnskapstrong\"\n\t\tclass=\"t2-accordion-item__inner-container\"\n\t\tid=\"accordion-panel-2\"\n\t\trole=\"region\"\n\t\thidden\n\t>\n\t\t\n\n<p>Kursdeltakeren b\u00f8r ha kjennskap til f\u00f8lgende omr\u00e5der p\u00e5 forh\u00e5nd:<\/p>\n\n\n\n<ul class=\"wp-block-list\">\n<li>God kjennskap til IPv4 og nettverk generelt<\/li>\n\n\n\n<li>Grunnleggende kjennskap til IPv6 \u2013 tilsvarende grunnkurset<\/li>\n\n\n\n<li>Arbeidserfaring fra drift av nettverk og nettverksbaserte tjenester<\/li>\n<\/ul>\n\n\t<\/div>\n\t<\/div>\n<\/div>\n\n\n<p>Vi tilbyr ogs\u00e5 \u00e5 holde kurs hos kunde, og innhold\/lab kan tilpasses kundens behov slik at oppl\u00e6ring i organisasjonene blir mest mulig effektiv. Et kurs med spesialtilpasset innhold kan ogs\u00e5 holdes i v\u00e5re lokaler med tilgang til lab her. Ta kontakt for et tilbud og sjekk av tilgjengelige tidspunkt.<\/p>\n\n\n<div class=\"nlogic-section alignfull layout-1-column content-align-top wp-block-nlogic-section\">\n\t\t\t<div class=\"content-columns container\">\n\t\t\t\t\n\t\t\t\t\n<div class=\"nlogic-section-content wp-block-nlogic-section-content\">\n\n<div class=\"wp-block-columns is-layout-flex wp-container-core-columns-is-layout-2 wp-block-columns-is-layout-flex\">\n<div class=\"wp-block-column is-layout-flow wp-block-column-is-layout-flow\">\n<h2 class=\"wp-block-heading\" id=\"for-mer-informasjon-ta-kontakt-med-oss\">For mer informasjon, ta kontakt med oss<\/h2>\n\n\n\n<p>Hvis du \u00f8nsker mer informasjon om IPv6 kurs, sjekke tilgjengelig tidspunkt eller f\u00e5 et tilbud, ta kontakt med oss. <\/p>\n\n\n\n<p>Send en e-post til v\u00e5r kursholder, Ola Thoresen, for sp\u00f8rsm\u00e5l og praktisk informasjon. <\/p>\n<\/div>\n\n\n\n<div class=\"wp-block-column is-layout-flow wp-block-column-is-layout-flow\"><svg class=\"svg\">\n  <clipPath id=\"person-hexagon-mask\" clipPathUnits=\"objectBoundingBox\"><path d=\"M0.455,0.013 C0.485,-0.002,0.521,-0.002,0.551,0.013 L0.753,0.115 L0.953,0.22 C0.983,0.235,1,0.264,1,0.294 L1,0.501 L1,0.709 C1,0.739,0.983,0.767,0.953,0.783 L0.753,0.888 L0.551,0.99 C0.521,1,0.485,1,0.455,0.99 L0.253,0.888 L0.053,0.783 C0.023,0.767,0.005,0.739,0.005,0.709 L0.003,0.501 L0.005,0.294 C0.005,0.264,0.023,0.235,0.053,0.22 L0.253,0.115 L0.455,0.013\"><\/path><\/clipPath>\n<\/svg><div class=\"t2-featured-single-post t2-featured-content is-post-type-person role-senior-nettverkskonsulent wp-block-t2-featured-single-post\">\n<div class=\"wp-block-group alignfull is-card-people is-layout-flow wp-block-group-is-layout-flow\">\n<figure  class=\"t2-post-featured-image has-image-ratio-16-9 wp-block-t2-post-featured-image\"><img loading=\"lazy\" decoding=\"async\" width=\"2048\" height=\"2048\" src=\"https:\/\/www.nlogic.no\/content\/uploads\/2023\/09\/Nlogic_Ola_Thoresen_0221-1.jpg\" class=\"attachment-post-thumbnail size-post-thumbnail wp-post-image\" alt=\"Bilde av Ola Thoresen.\" srcset=\"https:\/\/www.nlogic.no\/content\/uploads\/2023\/09\/Nlogic_Ola_Thoresen_0221-1.jpg 2048w, https:\/\/www.nlogic.no\/content\/uploads\/2023\/09\/Nlogic_Ola_Thoresen_0221-1-300x300.jpg 300w, https:\/\/www.nlogic.no\/content\/uploads\/2023\/09\/Nlogic_Ola_Thoresen_0221-1-1024x1024.jpg 1024w, https:\/\/www.nlogic.no\/content\/uploads\/2023\/09\/Nlogic_Ola_Thoresen_0221-1-150x150.jpg 150w, https:\/\/www.nlogic.no\/content\/uploads\/2023\/09\/Nlogic_Ola_Thoresen_0221-1-768x768.jpg 768w, https:\/\/www.nlogic.no\/content\/uploads\/2023\/09\/Nlogic_Ola_Thoresen_0221-1-1536x1536.jpg 1536w\" sizes=\"auto, (max-width: 2048px) 100vw, 2048px\" \/><\/figure>\n\n<div class=\"wp-block-group alignfull post-details is-layout-flow wp-block-group-is-layout-flow\">\n\t<h2 class=\"t2-post-title wp-block-t2-post-title\">Ola Thoresen<\/h2>\n\t\n\t<div class=\"card-info wp-block-t2-people-meta\"><div class=\"card-info__post-meta meta-key-people_email\"><a href=\"mailto:ola.thoresen@nlogic.no\">ola.thoresen@nlogic.no<\/a><\/div><\/div>\n<\/div>\n\n<\/div>\n\n<\/div><\/div>\n<\/div>\n\n<\/div>\n\n\t\t\t\t\n\t\t\t<\/div>\n\t\t<\/div>","protected":false},"excerpt":{"rendered":"<p>IPv6 nettverkskurs (NLT-IPV6-Nettverk) er et kurs som passer for tekniske ressurser i design og driftsavdelinger hos operat\u00f8rer og enterprise-kunder.<\/p>\n","protected":false},"author":5,"featured_media":4341,"parent":3920,"menu_order":0,"comment_status":"closed","ping_status":"closed","template":"","meta":{"dk_card_image_id":0,"footnotes":""},"class_list":["post-3942","page","type-page","status-publish","has-post-thumbnail","hentry"],"yoast_head":"<!-- This site is optimized with the Yoast SEO Premium plugin v20.13 (Yoast SEO v20.13) - https:\/\/yoast.com\/wordpress\/plugins\/seo\/ -->\n<title>IPv6 nettverkskurs - Design, implementasjon - nLogic<\/title>\n<meta name=\"description\" content=\"Kurset dekker design og implementasjon av IPv6 i et bedriftsnettverk. Vi g\u00e5r gjennom nettverksdesign og tjenester som autokonfigurasjon av IPv6 (SLAAC og DHCP).\" \/>\n<meta name=\"robots\" content=\"noindex, follow, max-snippet:-1, max-image-preview:large, max-video-preview:-1\" \/>\n<meta property=\"og:locale\" content=\"en_US\" \/>\n<meta property=\"og:type\" content=\"article\" \/>\n<meta property=\"og:title\" content=\"IPv6 nettverkskurs\" \/>\n<meta property=\"og:description\" content=\"Kurset dekker design og implementasjon av IPv6 i et bedriftsnettverk. Vi g\u00e5r gjennom nettverksdesign og tjenester som autokonfigurasjon av IPv6 (SLAAC og DHCP).\" \/>\n<meta property=\"og:url\" content=\"https:\/\/www.nlogic.no\/english\/losninger\/tjenester\/kurs-og-workshop\/ipv6-nettverkskurs\/\" \/>\n<meta property=\"og:site_name\" content=\"nLogic - Powered by Knowledge. Driven by Trust.\" \/>\n<meta property=\"article:publisher\" content=\"https:\/\/www.facebook.com\/nLogicAS\" \/>\n<meta property=\"article:modified_time\" content=\"2024-01-27T11:36:15+00:00\" \/>\n<meta property=\"og:image\" content=\"https:\/\/www.nlogic.no\/content\/uploads\/sites\/6\/2023\/09\/nlogic-office-DCI.jpg\" \/>\n\t<meta property=\"og:image:width\" content=\"2000\" \/>\n\t<meta property=\"og:image:height\" content=\"1300\" \/>\n\t<meta property=\"og:image:type\" content=\"image\/jpeg\" \/>\n<meta name=\"twitter:card\" content=\"summary_large_image\" \/>\n<meta name=\"twitter:label1\" content=\"Est. reading time\" \/>\n\t<meta name=\"twitter:data1\" content=\"2 minutes\" \/>\n<script type=\"application\/ld+json\" class=\"yoast-schema-graph\">{\"@context\":\"https:\/\/schema.org\",\"@graph\":[{\"@type\":\"WebPage\",\"@id\":\"https:\/\/www.nlogic.no\/english\/losninger\/tjenester\/kurs-og-workshop\/ipv6-nettverkskurs\/\",\"url\":\"https:\/\/www.nlogic.no\/english\/losninger\/tjenester\/kurs-og-workshop\/ipv6-nettverkskurs\/\",\"name\":\"IPv6 nettverkskurs - Design, implementasjon - nLogic\",\"isPartOf\":{\"@id\":\"https:\/\/www.nlogic.no\/english\/#website\"},\"datePublished\":\"2023-09-13T09:08:42+00:00\",\"dateModified\":\"2024-01-27T11:36:15+00:00\",\"description\":\"Kurset dekker design og implementasjon av IPv6 i et bedriftsnettverk. Vi g\u00e5r gjennom nettverksdesign og tjenester som autokonfigurasjon av IPv6 (SLAAC og DHCP).\",\"breadcrumb\":{\"@id\":\"https:\/\/www.nlogic.no\/english\/losninger\/tjenester\/kurs-og-workshop\/ipv6-nettverkskurs\/#breadcrumb\"},\"inLanguage\":\"en-US\",\"potentialAction\":[{\"@type\":\"ReadAction\",\"target\":[\"https:\/\/www.nlogic.no\/english\/losninger\/tjenester\/kurs-og-workshop\/ipv6-nettverkskurs\/\"]}]},{\"@type\":\"BreadcrumbList\",\"@id\":\"https:\/\/www.nlogic.no\/english\/losninger\/tjenester\/kurs-og-workshop\/ipv6-nettverkskurs\/#breadcrumb\",\"itemListElement\":[{\"@type\":\"ListItem\",\"position\":1,\"name\":\"L\u00f8sninger\",\"item\":\"https:\/\/www.nlogic.no\/english\/losninger\/\"},{\"@type\":\"ListItem\",\"position\":2,\"name\":\"Tjenester\",\"item\":\"https:\/\/www.nlogic.no\/english\/losninger\/tjenester\/\"},{\"@type\":\"ListItem\",\"position\":3,\"name\":\"Kurs og workshop\",\"item\":\"https:\/\/www.nlogic.no\/english\/losninger\/tjenester\/kurs-og-workshop\/\"},{\"@type\":\"ListItem\",\"position\":4,\"name\":\"IPv6 nettverkskurs\"}]},{\"@type\":\"WebSite\",\"@id\":\"https:\/\/www.nlogic.no\/english\/#website\",\"url\":\"https:\/\/www.nlogic.no\/english\/\",\"name\":\"nLogic - Powered by Knowledge. Driven by Trust.\",\"description\":\"\",\"publisher\":{\"@id\":\"https:\/\/www.nlogic.no\/english\/#organization\"},\"potentialAction\":[{\"@type\":\"SearchAction\",\"target\":{\"@type\":\"EntryPoint\",\"urlTemplate\":\"https:\/\/www.nlogic.no\/english\/?s={search_term_string}\"},\"query-input\":\"required name=search_term_string\"}],\"inLanguage\":\"en-US\"},{\"@type\":\"Organization\",\"@id\":\"https:\/\/www.nlogic.no\/english\/#organization\",\"name\":\"nLogic - Powered by Knowledge. Driven by Trust.\",\"url\":\"https:\/\/www.nlogic.no\/english\/\",\"logo\":{\"@type\":\"ImageObject\",\"inLanguage\":\"en-US\",\"@id\":\"https:\/\/www.nlogic.no\/english\/#\/schema\/logo\/image\/\",\"url\":\"https:\/\/www.nlogic.no\/content\/uploads\/sites\/6\/2023\/09\/nlogic-logo-1.svg\",\"contentUrl\":\"https:\/\/www.nlogic.no\/content\/uploads\/sites\/6\/2023\/09\/nlogic-logo-1.svg\",\"caption\":\"nLogic - Powered by Knowledge. Driven by Trust.\"},\"image\":{\"@id\":\"https:\/\/www.nlogic.no\/english\/#\/schema\/logo\/image\/\"},\"sameAs\":[\"https:\/\/www.facebook.com\/nLogicAS\",\"https:\/\/www.linkedin.com\/company\/nlogic-as\/\"]}]}<\/script>\n<!-- \/ Yoast SEO Premium plugin. -->","yoast_head_json":{"title":"IPv6 nettverkskurs - Design, implementasjon - nLogic","description":"Kurset dekker design og implementasjon av IPv6 i et bedriftsnettverk. Vi g\u00e5r gjennom nettverksdesign og tjenester som autokonfigurasjon av IPv6 (SLAAC og DHCP).","robots":{"index":"noindex","follow":"follow","max-snippet":"max-snippet:-1","max-image-preview":"max-image-preview:large","max-video-preview":"max-video-preview:-1"},"og_locale":"en_US","og_type":"article","og_title":"IPv6 nettverkskurs","og_description":"Kurset dekker design og implementasjon av IPv6 i et bedriftsnettverk. Vi g\u00e5r gjennom nettverksdesign og tjenester som autokonfigurasjon av IPv6 (SLAAC og DHCP).","og_url":"https:\/\/www.nlogic.no\/english\/losninger\/tjenester\/kurs-og-workshop\/ipv6-nettverkskurs\/","og_site_name":"nLogic - Powered by Knowledge. Driven by Trust.","article_publisher":"https:\/\/www.facebook.com\/nLogicAS","article_modified_time":"2024-01-27T11:36:15+00:00","og_image":[{"width":2000,"height":1300,"url":"https:\/\/www.nlogic.no\/content\/uploads\/sites\/6\/2023\/09\/nlogic-office-DCI.jpg","type":"image\/jpeg"}],"twitter_card":"summary_large_image","twitter_misc":{"Est. reading time":"2 minutes"},"schema":{"@context":"https:\/\/schema.org","@graph":[{"@type":"WebPage","@id":"https:\/\/www.nlogic.no\/english\/losninger\/tjenester\/kurs-og-workshop\/ipv6-nettverkskurs\/","url":"https:\/\/www.nlogic.no\/english\/losninger\/tjenester\/kurs-og-workshop\/ipv6-nettverkskurs\/","name":"IPv6 nettverkskurs - Design, implementasjon - nLogic","isPartOf":{"@id":"https:\/\/www.nlogic.no\/english\/#website"},"datePublished":"2023-09-13T09:08:42+00:00","dateModified":"2024-01-27T11:36:15+00:00","description":"Kurset dekker design og implementasjon av IPv6 i et bedriftsnettverk. Vi g\u00e5r gjennom nettverksdesign og tjenester som autokonfigurasjon av IPv6 (SLAAC og DHCP).","breadcrumb":{"@id":"https:\/\/www.nlogic.no\/english\/losninger\/tjenester\/kurs-og-workshop\/ipv6-nettverkskurs\/#breadcrumb"},"inLanguage":"en-US","potentialAction":[{"@type":"ReadAction","target":["https:\/\/www.nlogic.no\/english\/losninger\/tjenester\/kurs-og-workshop\/ipv6-nettverkskurs\/"]}]},{"@type":"BreadcrumbList","@id":"https:\/\/www.nlogic.no\/english\/losninger\/tjenester\/kurs-og-workshop\/ipv6-nettverkskurs\/#breadcrumb","itemListElement":[{"@type":"ListItem","position":1,"name":"L\u00f8sninger","item":"https:\/\/www.nlogic.no\/english\/losninger\/"},{"@type":"ListItem","position":2,"name":"Tjenester","item":"https:\/\/www.nlogic.no\/english\/losninger\/tjenester\/"},{"@type":"ListItem","position":3,"name":"Kurs og workshop","item":"https:\/\/www.nlogic.no\/english\/losninger\/tjenester\/kurs-og-workshop\/"},{"@type":"ListItem","position":4,"name":"IPv6 nettverkskurs"}]},{"@type":"WebSite","@id":"https:\/\/www.nlogic.no\/english\/#website","url":"https:\/\/www.nlogic.no\/english\/","name":"nLogic - Powered by Knowledge. Driven by Trust.","description":"","publisher":{"@id":"https:\/\/www.nlogic.no\/english\/#organization"},"potentialAction":[{"@type":"SearchAction","target":{"@type":"EntryPoint","urlTemplate":"https:\/\/www.nlogic.no\/english\/?s={search_term_string}"},"query-input":"required name=search_term_string"}],"inLanguage":"en-US"},{"@type":"Organization","@id":"https:\/\/www.nlogic.no\/english\/#organization","name":"nLogic - Powered by Knowledge. Driven by Trust.","url":"https:\/\/www.nlogic.no\/english\/","logo":{"@type":"ImageObject","inLanguage":"en-US","@id":"https:\/\/www.nlogic.no\/english\/#\/schema\/logo\/image\/","url":"https:\/\/www.nlogic.no\/content\/uploads\/sites\/6\/2023\/09\/nlogic-logo-1.svg","contentUrl":"https:\/\/www.nlogic.no\/content\/uploads\/sites\/6\/2023\/09\/nlogic-logo-1.svg","caption":"nLogic - Powered by Knowledge. Driven by Trust."},"image":{"@id":"https:\/\/www.nlogic.no\/english\/#\/schema\/logo\/image\/"},"sameAs":["https:\/\/www.facebook.com\/nLogicAS","https:\/\/www.linkedin.com\/company\/nlogic-as\/"]}]}},"_links":{"self":[{"href":"https:\/\/www.nlogic.no\/english\/wp-json\/wp\/v2\/pages\/3942","targetHints":{"allow":["GET"]}}],"collection":[{"href":"https:\/\/www.nlogic.no\/english\/wp-json\/wp\/v2\/pages"}],"about":[{"href":"https:\/\/www.nlogic.no\/english\/wp-json\/wp\/v2\/types\/page"}],"author":[{"embeddable":true,"href":"https:\/\/www.nlogic.no\/english\/wp-json\/wp\/v2\/users\/5"}],"replies":[{"embeddable":true,"href":"https:\/\/www.nlogic.no\/english\/wp-json\/wp\/v2\/comments?post=3942"}],"version-history":[{"count":1,"href":"https:\/\/www.nlogic.no\/english\/wp-json\/wp\/v2\/pages\/3942\/revisions"}],"predecessor-version":[{"id":3946,"href":"https:\/\/www.nlogic.no\/english\/wp-json\/wp\/v2\/pages\/3942\/revisions\/3946"}],"up":[{"embeddable":true,"href":"https:\/\/www.nlogic.no\/english\/wp-json\/wp\/v2\/pages\/3920"}],"wp:featuredmedia":[{"embeddable":true,"href":"https:\/\/www.nlogic.no\/english\/wp-json\/wp\/v2\/media\/4341"}],"wp:attachment":[{"href":"https:\/\/www.nlogic.no\/english\/wp-json\/wp\/v2\/media?parent=3942"}],"curies":[{"name":"wp","href":"https:\/\/api.w.org\/{rel}","templated":true}]}}