{"id":2576,"date":"2023-06-08T20:48:48","date_gmt":"2023-06-08T18:48:48","guid":{"rendered":"https:\/\/www.nlogic.no\/?page_id=2576"},"modified":"2024-01-27T13:00:00","modified_gmt":"2024-01-27T12:00:00","slug":"personvern-og-informasjonskapsler","status":"publish","type":"page","link":"https:\/\/www.nlogic.no\/english\/personvern-og-informasjonskapsler\/","title":{"rendered":"Personvern og informasjonskapsler"},"content":{"rendered":"<div class=\"nlogic-hero alignfull with-pattern-cube with-excerpt wp-block-nlogic-hero\">\n\t\t\t<div class=\"hero-content container\">\n\t\t\t\t<svg width=\"650\" height=\"749\" viewBox=\"0 0 650 749\" fill=\"none\" xmlns=\"http:\/\/www.w3.org\/2000\/svg\">\n<g opacity=\"0.5\">\n<path d=\"M331.176 153.548L517 258.151C520.921 260.358 523.346 264.507 523.346 269.005V474.848C523.346 479.362 520.904 483.523 516.962 485.723L331.138 589.46C327.364 591.566 322.768 591.566 318.995 589.46L133.17 485.723C129.229 483.523 126.786 479.362 126.786 474.848L126.786 269.005C126.786 264.507 129.212 260.358 133.132 258.151L318.956 153.548C322.75 151.413 327.383 151.413 331.176 153.548Z\" stroke=\"#FFFFFF\" stroke-width=\"0.638759\"\/>\n<path d=\"M189.105 298.176L127.539 262.338\" stroke=\"#FFFFFF\" stroke-width=\"0.638759\"\/>\n<path d=\"M323.936 529.562L324.754 590.666\" stroke=\"#FFFFFF\" stroke-width=\"0.638759\"\/>\n<path d=\"M325.068 667.656L325.068 747.091\" stroke=\"#FFFFFF\" stroke-width=\"0.638759\"\/>\n<path d=\"M583.902 227.711L646.248 190.234\" stroke=\"#FFFFFF\" stroke-width=\"0.638759\"\/>\n<path d=\"M67.2339 227.711L2.85372 189.827\" stroke=\"#FFFFFF\" stroke-width=\"0.638759\"\/>\n<path d=\"M329.956 83.7705L578.669 224.838C581.77 226.597 583.685 229.886 583.685 233.45V515.273C583.685 518.837 581.77 522.126 578.669 523.885L329.956 664.953C326.926 666.671 323.216 666.671 320.187 664.953L71.4733 523.885C68.3729 522.126 66.4571 518.837 66.4571 515.273V233.45C66.4571 229.886 68.3729 226.597 71.4733 224.838L320.187 83.7705C323.216 82.0521 326.926 82.0521 329.956 83.7705Z\" stroke=\"#FFFFFF\" stroke-width=\"0.638759\"\/>\n<path d=\"M333.785 5.52247L640.188 183.965C645.59 187.111 648.913 192.892 648.913 199.144V551.243C648.913 557.504 645.582 563.291 640.168 566.434L333.585 744.444C328.124 747.615 321.381 747.61 315.924 744.432L10.6612 566.636C5.26482 563.493 1.94291 557.721 1.93609 551.476L1.55108 199.14C1.54424 192.885 4.86323 187.099 10.2653 183.948L316.094 5.52917C321.559 2.34058 328.317 2.33801 333.785 5.52247Z\" stroke=\"#FFFFFF\" stroke-width=\"0.638759\"\/>\n<path d=\"M258.62 403.011V337.553L324.747 374.712V409.77V444.468L262.367 409.414C260.053 408.114 258.62 405.665 258.62 403.011ZM325.066 374.159L258.953 337.007L321.467 301.877C323.702 300.621 326.43 300.621 328.665 301.877L391.179 337.007L325.066 374.159ZM325.385 374.712L391.511 337.553V403.011C391.511 405.665 390.079 408.114 387.764 409.414L325.385 444.468V409.77V374.712Z\" stroke=\"#FFFFFF\" stroke-width=\"0.638759\"\/>\n<path d=\"M328.492 221.724L456.862 295.717C459.533 297.257 461.179 300.105 461.179 303.188V446.897C461.179 450.004 459.508 452.871 456.804 454.401L328.434 527.074C325.783 528.574 322.536 528.565 319.894 527.049L193.285 454.411C190.605 452.874 188.953 450.021 188.953 446.931V303.154C188.953 300.088 190.58 297.254 193.226 295.708L319.836 221.749C322.508 220.188 325.811 220.178 328.492 221.724Z\" stroke=\"#FFFFFF\" stroke-width=\"0.638759\"\/>\n<path d=\"M461.329 298.176L520.984 263.499\" stroke=\"#FFFFFF\" stroke-width=\"0.638759\"\/>\n<\/g>\n<\/svg>\n\n\t\t\t\t<h1>Personvern og informasjonskapsler<\/h1>\n\t\t\t\t<div class=\"excerpt\"><p>Denne personvernerkl\u00e6ringen gjelder ved bes\u00f8k p\u00e5 nlogic.no. nLogic skal behandle personopplysninger i henhold til personvernlovgivningen.\u00a0<\/p>\n<\/div>\n\t\t\t\t\n\t\t\t\t\n\t\t\t<\/div>\n\t\t<\/div>\n\n\n<p>Her f\u00e5r du informasjon om hvordan nLogic behandler personopplysninger. Det er daglig leder, Erlend Bonesvoll, som er ansvarlig for&nbsp;behandlingen av personopplysningene.<\/p>\n\n\n\n<p>N\u00e5r du bruker nettsiden nLogic.no legger du igjen dataspor, og sender eventuelt inn informasjon om deg selv. Les gjennom informasjonen nedenfor for \u00e5 forst\u00e5 hvordan disse dataene brukes, og hvorfor de samles inn.<\/p>\n\n\n\n<p>Norske akt\u00f8rer er p\u00e5lagt \u00e5 informere om slik bruk gjennom Lov om elektronisk kommunikasjon, i den s\u00e5kalte \u00abcookieparagrafen\u00bb.&nbsp;I utgangspunktet er du anonym ved bes\u00f8k p\u00e5 v\u00e5re nettsider. Ved bes\u00f8k registreres kun din datamaskins domenenavn (IP-adresse), ikke din e-postadresse.<\/p>\n\n\n\n<p>Informasjonen brukes til statistisk m\u00e5ling og analyse for \u00e5 forbedre nettstedet. Utover IP-adresser, samles det ikke inn informasjon som&nbsp;inneholder identifiserbare personlige opplysninger. Det er eksempelvis opplysninger om hvilken nettleser og -versjon du bruker, og din internettadresse (IP-adresse). Til denne m\u00e5lingen brukes et script og&nbsp;informasjonskapsel (cookie)&nbsp;fra analyseverkt\u00f8yet Google Analytics.<\/p>\n\n\n\n<p>For hver side som vises, lagres f\u00f8lgende opplysninger:<\/p>\n\n\n\n<ul class=\"wp-block-list\">\n<li>hvilken side du ser p\u00e5<\/li>\n\n\n\n<li>dato og tid<\/li>\n\n\n\n<li>hvilken nettleser du bruker<\/li>\n\n\n\n<li>din IP-adresse<\/li>\n<\/ul>\n\n\n\n<h3 class=\"wp-block-heading\" id=\"h-informasjonskapsler-cookies\">Informasjonskapsler\/cookies<\/h3>\n\n\n\n<p>Informasjonskapsler (cookies) er sm\u00e5 tekstfiler som plasseres p\u00e5 din datamaskin n\u00e5r du&nbsp;laster ned&nbsp;en nettside, slik som nlogic.no.&nbsp;Det finnes to typer cookies. Den ene typen er \u00abpersistent cookies\u00bb, som lagres p\u00e5 den bes\u00f8kendes PC over lengre tid. Den andre typen er \u00absession cookies\u00bb, dette er en cookie som slettes n\u00e5r du g\u00e5r ut av v\u00e5re nettsider, eller lukker nettleseren&nbsp;<\/p>\n\n\n\n<h3 class=\"wp-block-heading\" id=\"h-folgende-cookies-brukes-pa-nlogic-no\">F\u00f8lgende cookies brukes p\u00e5 nlogic.no:<\/h3>\n\n\n\n<p><strong>Persistent cookies<\/strong><br>Vi bruker en informasjonskapsel for \u00e5 telle antall unike brukere p\u00e5 nlogic.no. Dette forteller oss om nlogic.no har et lite antall faste bes\u00f8kende, eller et stort antall sjeldne bes\u00f8kende. N\u00e5r du fyller ut et skjema for \u00e5 sende oss informasjon, legges det igjen en FormCookie p\u00e5 datamaskinen din. Slike skjema brukes p\u00e5 sider der du kan gi oss tilbakemelding om \u00abFant du det du lette etter?\u00bb. Denne cookien settes p\u00e5 din datamaskin for at vi skal kunne styre om du kan sende meldingen en eller flere ganger.&nbsp;&nbsp;<\/p>\n\n\n\n<p><strong>Session cookies<\/strong><br>Cookies ved bruk av kontaktskjema: Hvis du sender oss melding om behandling av personopplysninger,&nbsp;ved \u00e5 bruke elektronisk kontaktskjema, legges det igjen en cookie p\u00e5 datamaskinen&nbsp;din. Dette er n\u00f8dvendig for at skjemaet skal fungere.&nbsp;Informasjonen deles ikke videre med andre.<\/p>\n\n\n\n<p>Du har rett til \u00e5 klage til Datatilsynet hvis du mener behandlingen av dine personlige data ikke er i tr\u00e5d med gjeldende regelverk.<\/p>\n\n\n\n<p><strong>HubSpot:&nbsp;<\/strong>HubSpot programvare bruker cookies for \u00e5 spore bes\u00f8kende og kontakter. N\u00e5r HubSpot-programvaren kj\u00f8rer p\u00e5 nettstedet v\u00e5rt, etterlater det seg en cookie p\u00e5 de bes\u00f8kendes datamaskiner som hjelper HubSpot til \u00e5 identifisere dem og fremtidige bes\u00f8k. Vi sporer videre hvor mange som deler et innlegg og hvor mange som liker et innlegg.<\/p>\n\n\n\n<h3 class=\"wp-block-heading\" id=\"h-nar-du-melder-deg-pa-et-nyhetsbrev\">N\u00e5r du melder deg p\u00e5 et nyhetsbrev<\/h3>\n\n\n\n<p>De bes\u00f8kende kan ogs\u00e5 melde seg p\u00e5 nLogics nyhetsbrev. Da er det du selv som aktivt deler informasjon din med nLogic. Det er frivillig \u00e5 gi fra seg denne informasjonen.&nbsp;N\u00e5r du melder deg p\u00e5 et nyhetsbrev lagres typisk f\u00f8lgende data: navn, e-postadresse, IP-adresse, tid og sted for p\u00e5melding, tidssone og e-postleverand\u00f8r, i tillegg til andre data du blir bedt om \u00e5 opplyse ved p\u00e5melding.&nbsp;Du kan melde deg av nLogics nyhetsbrev n\u00e5r som helst. Det kan du gj\u00f8re ved \u00e5 klikke p\u00e5 \u00abunsubscribe\u00bb nederst i en hvilken som helst epost fra&nbsp;oss, eller ved&nbsp;\u00e5 sende en epost til&nbsp;<a href=\"mailto:marked@nlogic.no?subject=Avmelding%20nyhetsbrev\">marked@nlogic.no<\/a>.<\/p>\n\n\n\n<h3 class=\"wp-block-heading\" id=\"h-nar-du-melder-deg-pa-et-event\">N\u00e5r du melder deg p\u00e5 et event<\/h3>\n\n\n\n<p>De bes\u00f8kende kan ogs\u00e5 melde seg p\u00e5 nLogics forskjellige eventer og kurs. Da er det du selv som aktivt deler informasjon din med nLogic.&nbsp;Det er frivillig \u00e5 gi fra seg denne informasjonen.&nbsp;N\u00e5r du melder deg p\u00e5 et nyhetsbrev lagres typisk f\u00f8lgende data: navn, e-postadresse, IP-adresse, tid og sted for p\u00e5melding, tidssone og e-postleverand\u00f8r, i tillegg til andre data du blir bedt om \u00e5 opplyse ved p\u00e5melding.&nbsp;Du kan melde deg av nLogics eventer n\u00e5r som helst. Det kan du gj\u00f8re ved \u00e5&nbsp;sende en epost til&nbsp;<a href=\"mailto:marked@nlogic.no\">marked@nlogic.no<\/a>. Informasjonen du deler med oss n\u00e5r du melder deg p\u00e5 et event vil bli delt med produsentene som deltar som speakers p\u00e5 eventene. Utover det vil ingen informasjon om deg p\u00e5 noen som helst m\u00e5te bli delt.<\/p>\n\n\n\n<h3 class=\"wp-block-heading\" id=\"h-sletting-av-data\">Sletting av data<\/h3>\n\n\n\n<p>Du kan n\u00e5r som helst&nbsp;<a href=\"https:\/\/www.nlogic.no\/kontakt-oss\/\">ta kontakt<\/a>&nbsp;med nLogic og be om at all informasjon om deg slettes.<\/p>\n\n\n\n<h3 class=\"wp-block-heading\" id=\"h-skru-av-eller-slette-informasjonskapsler\">Skru av eller slette informasjonskapsler<\/h3>\n\n\n\n<p>Du kan selv skru av bruk av informasjonskapsler i nettleseren din, og\/eller slette dem. Fremgangsm\u00e5te varierer etter nettleser, men det kan du finne ut av ved \u00e5 skrive inn \u00abslette informasjonskapsler\u00bb + navnet p\u00e5 nettleseren din, i Google. Der finner du ogs\u00e5 ut hvordan du skrur av bruk av informasjonskapsler.<\/p>\n\n\n\n<h3 class=\"wp-block-heading\" id=\"h-samtykke\">Samtykke<\/h3>\n\n\n\n<p>N\u00e5r du bruker disse nettsidene samtykker du i at informasjonskapsler benyttes som beskrevet over.<br>N\u00e5r du melder deg p\u00e5 nyhetsbrevet v\u00e5rt samtykker du i at vi kan oppbevare informasjonen du sender inn (f.eks. e-postadresse og navn), til bruk i jevnlig utsendelse av nyhetsbrev . Denne informasjonen deles aldri med tredjeparter, og du kan n\u00e5r som helst melde deg av listen ved \u00e5 trykke p\u00e5 \u00abunsubscribe\u00bb i en hvilken som helst e-post fra oss. N\u00e5r du melder deg p\u00e5 eventer og kurs hos oss samtykker du i at vi kan dele dine kontaktopplysninger med de produsentene som deltar som speakers. Utover det vil ingen informasjon om deg p\u00e5 noen som helst m\u00e5te bli delt.<\/p>\n","protected":false},"excerpt":{"rendered":"<p>Denne personvernerkl\u00e6ringen gjelder ved bes\u00f8k p\u00e5 nlogic.no. nLogic skal behandle personopplysninger i henhold til personvernlovgivningen.\u00a0<\/p>\n","protected":false},"author":1,"featured_media":4519,"parent":0,"menu_order":0,"comment_status":"closed","ping_status":"closed","template":"","meta":{"dk_card_image_id":0,"footnotes":""},"class_list":["post-2576","page","type-page","status-publish","has-post-thumbnail","hentry"],"yoast_head":"<!-- This site is optimized with the Yoast SEO Premium plugin v20.13 (Yoast SEO v20.13) - https:\/\/yoast.com\/wordpress\/plugins\/seo\/ -->\n<title>Personvern og informasjonskapsler - nLogic<\/title>\n<meta name=\"description\" content=\"Denne personvernerkl\u00e6ringen gjelder ved bes\u00f8k p\u00e5 nlogic.no. nLogic skal behandle personopplysninger i henhold til personvernlovgivningen.\" \/>\n<meta name=\"robots\" content=\"noindex, follow, max-snippet:-1, max-image-preview:large, max-video-preview:-1\" \/>\n<meta property=\"og:locale\" content=\"en_US\" \/>\n<meta property=\"og:type\" content=\"article\" \/>\n<meta property=\"og:title\" content=\"Personvern og informasjonskapsler\" \/>\n<meta property=\"og:description\" content=\"Denne personvernerkl\u00e6ringen gjelder ved bes\u00f8k p\u00e5 nlogic.no. nLogic skal behandle personopplysninger i henhold til personvernlovgivningen.\" \/>\n<meta property=\"og:url\" content=\"https:\/\/www.nlogic.no\/english\/personvern-og-informasjonskapsler\/\" \/>\n<meta property=\"og:site_name\" content=\"nLogic - Powered by Knowledge. Driven by Trust.\" \/>\n<meta property=\"article:publisher\" content=\"https:\/\/www.facebook.com\/nLogicAS\" \/>\n<meta property=\"article:modified_time\" content=\"2024-01-27T12:00:00+00:00\" \/>\n<meta property=\"og:image\" content=\"https:\/\/www.nlogic.no\/content\/uploads\/sites\/6\/2023\/09\/nlogic-lounge-talk.jpg\" \/>\n\t<meta property=\"og:image:width\" content=\"2048\" \/>\n\t<meta property=\"og:image:height\" content=\"1366\" \/>\n\t<meta property=\"og:image:type\" content=\"image\/jpeg\" \/>\n<meta name=\"twitter:card\" content=\"summary_large_image\" \/>\n<meta name=\"twitter:label1\" content=\"Est. reading time\" \/>\n\t<meta name=\"twitter:data1\" content=\"5 minutes\" \/>\n<script type=\"application\/ld+json\" class=\"yoast-schema-graph\">{\"@context\":\"https:\/\/schema.org\",\"@graph\":[{\"@type\":\"WebPage\",\"@id\":\"https:\/\/www.nlogic.no\/english\/personvern-og-informasjonskapsler\/\",\"url\":\"https:\/\/www.nlogic.no\/english\/personvern-og-informasjonskapsler\/\",\"name\":\"Personvern og informasjonskapsler - nLogic\",\"isPartOf\":{\"@id\":\"https:\/\/www.nlogic.no\/english\/#website\"},\"datePublished\":\"2023-06-08T18:48:48+00:00\",\"dateModified\":\"2024-01-27T12:00:00+00:00\",\"description\":\"Denne personvernerkl\u00e6ringen gjelder ved bes\u00f8k p\u00e5 nlogic.no. nLogic skal behandle personopplysninger i henhold til personvernlovgivningen.\",\"inLanguage\":\"en-US\",\"potentialAction\":[{\"@type\":\"ReadAction\",\"target\":[\"https:\/\/www.nlogic.no\/english\/personvern-og-informasjonskapsler\/\"]}]},{\"@type\":\"WebSite\",\"@id\":\"https:\/\/www.nlogic.no\/english\/#website\",\"url\":\"https:\/\/www.nlogic.no\/english\/\",\"name\":\"nLogic - Powered by Knowledge. Driven by Trust.\",\"description\":\"\",\"publisher\":{\"@id\":\"https:\/\/www.nlogic.no\/english\/#organization\"},\"potentialAction\":[{\"@type\":\"SearchAction\",\"target\":{\"@type\":\"EntryPoint\",\"urlTemplate\":\"https:\/\/www.nlogic.no\/english\/?s={search_term_string}\"},\"query-input\":\"required name=search_term_string\"}],\"inLanguage\":\"en-US\"},{\"@type\":\"Organization\",\"@id\":\"https:\/\/www.nlogic.no\/english\/#organization\",\"name\":\"nLogic - Powered by Knowledge. Driven by Trust.\",\"url\":\"https:\/\/www.nlogic.no\/english\/\",\"logo\":{\"@type\":\"ImageObject\",\"inLanguage\":\"en-US\",\"@id\":\"https:\/\/www.nlogic.no\/english\/#\/schema\/logo\/image\/\",\"url\":\"https:\/\/www.nlogic.no\/content\/uploads\/sites\/6\/2023\/09\/nlogic-logo-1.svg\",\"contentUrl\":\"https:\/\/www.nlogic.no\/content\/uploads\/sites\/6\/2023\/09\/nlogic-logo-1.svg\",\"caption\":\"nLogic - Powered by Knowledge. Driven by Trust.\"},\"image\":{\"@id\":\"https:\/\/www.nlogic.no\/english\/#\/schema\/logo\/image\/\"},\"sameAs\":[\"https:\/\/www.facebook.com\/nLogicAS\",\"https:\/\/www.linkedin.com\/company\/nlogic-as\/\"]}]}<\/script>\n<!-- \/ Yoast SEO Premium plugin. -->","yoast_head_json":{"title":"Personvern og informasjonskapsler - nLogic","description":"Denne personvernerkl\u00e6ringen gjelder ved bes\u00f8k p\u00e5 nlogic.no. nLogic skal behandle personopplysninger i henhold til personvernlovgivningen.","robots":{"index":"noindex","follow":"follow","max-snippet":"max-snippet:-1","max-image-preview":"max-image-preview:large","max-video-preview":"max-video-preview:-1"},"og_locale":"en_US","og_type":"article","og_title":"Personvern og informasjonskapsler","og_description":"Denne personvernerkl\u00e6ringen gjelder ved bes\u00f8k p\u00e5 nlogic.no. nLogic skal behandle personopplysninger i henhold til personvernlovgivningen.","og_url":"https:\/\/www.nlogic.no\/english\/personvern-og-informasjonskapsler\/","og_site_name":"nLogic - Powered by Knowledge. Driven by Trust.","article_publisher":"https:\/\/www.facebook.com\/nLogicAS","article_modified_time":"2024-01-27T12:00:00+00:00","og_image":[{"width":2048,"height":1366,"url":"https:\/\/www.nlogic.no\/content\/uploads\/sites\/6\/2023\/09\/nlogic-lounge-talk.jpg","type":"image\/jpeg"}],"twitter_card":"summary_large_image","twitter_misc":{"Est. reading time":"5 minutes"},"schema":{"@context":"https:\/\/schema.org","@graph":[{"@type":"WebPage","@id":"https:\/\/www.nlogic.no\/english\/personvern-og-informasjonskapsler\/","url":"https:\/\/www.nlogic.no\/english\/personvern-og-informasjonskapsler\/","name":"Personvern og informasjonskapsler - nLogic","isPartOf":{"@id":"https:\/\/www.nlogic.no\/english\/#website"},"datePublished":"2023-06-08T18:48:48+00:00","dateModified":"2024-01-27T12:00:00+00:00","description":"Denne personvernerkl\u00e6ringen gjelder ved bes\u00f8k p\u00e5 nlogic.no. nLogic skal behandle personopplysninger i henhold til personvernlovgivningen.","inLanguage":"en-US","potentialAction":[{"@type":"ReadAction","target":["https:\/\/www.nlogic.no\/english\/personvern-og-informasjonskapsler\/"]}]},{"@type":"WebSite","@id":"https:\/\/www.nlogic.no\/english\/#website","url":"https:\/\/www.nlogic.no\/english\/","name":"nLogic - Powered by Knowledge. Driven by Trust.","description":"","publisher":{"@id":"https:\/\/www.nlogic.no\/english\/#organization"},"potentialAction":[{"@type":"SearchAction","target":{"@type":"EntryPoint","urlTemplate":"https:\/\/www.nlogic.no\/english\/?s={search_term_string}"},"query-input":"required name=search_term_string"}],"inLanguage":"en-US"},{"@type":"Organization","@id":"https:\/\/www.nlogic.no\/english\/#organization","name":"nLogic - Powered by Knowledge. Driven by Trust.","url":"https:\/\/www.nlogic.no\/english\/","logo":{"@type":"ImageObject","inLanguage":"en-US","@id":"https:\/\/www.nlogic.no\/english\/#\/schema\/logo\/image\/","url":"https:\/\/www.nlogic.no\/content\/uploads\/sites\/6\/2023\/09\/nlogic-logo-1.svg","contentUrl":"https:\/\/www.nlogic.no\/content\/uploads\/sites\/6\/2023\/09\/nlogic-logo-1.svg","caption":"nLogic - Powered by Knowledge. Driven by Trust."},"image":{"@id":"https:\/\/www.nlogic.no\/english\/#\/schema\/logo\/image\/"},"sameAs":["https:\/\/www.facebook.com\/nLogicAS","https:\/\/www.linkedin.com\/company\/nlogic-as\/"]}]}},"_links":{"self":[{"href":"https:\/\/www.nlogic.no\/english\/wp-json\/wp\/v2\/pages\/2576","targetHints":{"allow":["GET"]}}],"collection":[{"href":"https:\/\/www.nlogic.no\/english\/wp-json\/wp\/v2\/pages"}],"about":[{"href":"https:\/\/www.nlogic.no\/english\/wp-json\/wp\/v2\/types\/page"}],"author":[{"embeddable":true,"href":"https:\/\/www.nlogic.no\/english\/wp-json\/wp\/v2\/users\/1"}],"replies":[{"embeddable":true,"href":"https:\/\/www.nlogic.no\/english\/wp-json\/wp\/v2\/comments?post=2576"}],"version-history":[{"count":3,"href":"https:\/\/www.nlogic.no\/english\/wp-json\/wp\/v2\/pages\/2576\/revisions"}],"predecessor-version":[{"id":6315,"href":"https:\/\/www.nlogic.no\/english\/wp-json\/wp\/v2\/pages\/2576\/revisions\/6315"}],"wp:featuredmedia":[{"embeddable":true,"href":"https:\/\/www.nlogic.no\/english\/wp-json\/wp\/v2\/media\/4519"}],"wp:attachment":[{"href":"https:\/\/www.nlogic.no\/english\/wp-json\/wp\/v2\/media?parent=2576"}],"curies":[{"name":"wp","href":"https:\/\/api.w.org\/{rel}","templated":true}]}}